igit of (-4)/(-14) - 216/m?
8
Suppose 0 = -3*h + 4*h - 10. Let r = h + -6. Suppose g + 5*k - 8 = 0, 3*g - r*g + 5*k + 18 = 0. What is the tens digit of g?
1
Suppose 0 = 7*n - 199 - 515. What is the tens digit of n?
0
Suppose 4*q + o = 617, 172 = 3*q + 2*o - 297. What is the tens digit of q?
5
Suppose 3*s - 5 = 4. Suppose 0 = -5*h + s*h. Suppose h = i - 3*i - 3*y + 2, -6 = -2*i - 2*y. What is the units digit of i?
7
Let v(l) = 2*l**2 + 5*l - 6. Let k be v(-6). Let p = k - 16. What is the units digit of p?
0
Let p(v) be the first derivative of v**4/4 + 5*v**3/3 - v**2/2 - 4. What is the units digit of p(-5)?
5
Let i(l) = l**2 + 9*l - 8. Let r be i(-10). Suppose -4 = -b + r*f, 3*b = -0*b + 2*f + 24. What is the tens digit of b?
1
Let n(l) = -9*l**3 - 3*l**2 + 2. What is the units digit of n(-2)?
2
Let d(q) = q**3 - q + 1. Let f be d(0). Suppose s + 4*z + 0*z - 12 = 0, 5*z = 15. Let u = f + s. What is the units digit of u?
1
Let u be (-6)/45 - (-212)/15. What is the units digit of 608/28 + 4/u?
2
Suppose 0 = 5*z + 5*q - 1405, -4 = q - 2*q. What is the units digit of z?
7
Suppose 0 = 12*f + 42 - 1242. What is the hundreds digit of f?
1
Let y(h) = h**3 + h**2 - h + 2. Let i = -2 - -7. Let o(v) = -v + 7. Let s be o(i). What is the units digit of y(s)?
2
Suppose 0*n - 46 = -4*n - 5*s, -2*n = 3*s - 24. What is the units digit of n?
9
Let t be (1 - 0)*(3 + 0). Let x be t/(1 + 1/(-4)). Suppose 0*w - 19 = -5*r + 2*w, -r - 5 = x*w. What is the units digit of r?
3
Let g = -3 + 3. Let f be g/(1 + 1 + 0). Suppose z + 4 = f, 3*z + 18 = 2*m - 6. What is the units digit of m?
6
Suppose d - 4 = -d. Suppose -4*z - 2*w + 22 = 0, 2*w + 1 - 9 = -d*z. What is the units digit of z?
7
Let q = 135 - -1. What is the hundreds digit of q?
1
Suppose -5*z - 435 = -3*t, t - 31 - 97 = -4*z. What is the hundreds digit of t?
1
Let y = 17 + -15. Suppose -61 = -2*t - 3*b, 5*t - 29 = -y*b + 129. What is the tens digit of t?
3
Let c = 1 + 9. Suppose 0 = 5*g + 4*d - 55, 2*d - 28 = -4*g + c. What is the units digit of g?
7
Let g(j) = -5*j - 21. What is the units digit of g(-9)?
4
Let h be (-30)/4 + (-1)/2. Let z = -5 - h. Let s = z + 6. What is the units digit of s?
9
What is the tens digit of 2/3*(486 + -16 + 7)?
1
Suppose 0 = -4*z + 8*z - 16. Suppose 15 = z*y - y. Suppose 3*k + 5 = -1, 4*r - y*k = 18. What is the units digit of r?
2
Let i be (-1*4/2)/(-1). Suppose 2*h - i - 6 = 0. Suppose -h - 14 = -a. What is the units digit of a?
8
Let o(f) = f**3 + 8*f**2 - f - 6. Let k be o(-8). Let b be k - 0 - (-1 + 3). Suppose 2*c + 2*c - 44 = b. What is the tens digit of c?
1
Let i = 22 + 32. What is the tens digit of i?
5
Let t(f) be the second derivative of f**4/12 - f**3/3 - 5*f**2/2 + 4*f. Let j be t(5). Let v = 17 - j. What is the units digit of v?
7
Let x = 3 - 3. What is the units digit of 2/2*(18 + x)?
8
Let k(s) = -s**2 - 9*s + 6. Let w be k(-9). What is the tens digit of 33/2 + w/12?
1
Suppose -9*l + 13*l - 424 = 0. What is the units digit of l?
6
Suppose 0*m - 4 = -4*m. Let g = 10 + m. What is the units digit of g?
1
Let n = -7 + 33. What is the tens digit of n?
2
Let o(s) = s**3 + s**2 - 5*s. What is the units digit of o(4)?
0
Let y(b) = 0 + 2 - 2 + 3*b + 5. What is the tens digit of y(5)?
2
Let n(a) = -a**3 + 5*a**2 - 6. Let k(f) = 2*f**3 - 9*f**2 - f + 13. Let z(t) = 3*k(t) + 7*n(t). What is the units digit of z(7)?
5
Let w be -1 + 2 + 1 - 1. Let r(d) be the third derivative of 5*d**4/12 - 3*d**2. What is the tens digit of r(w)?
1
Let x(a) = 2*a**3 - 2*a**2 + 6*a - 9. Let j(q) = 5*q**3 - 3*q**2 + 12*q - 18. Let v(h) = 3*j(h) - 7*x(h). What is the units digit of v(-6)?
9
Let h = -25 - -65. What is the tens digit of h?
4
What is the tens digit of (660/50)/(2/10)?
6
Let l be (-1 - (4 - 4))*-5. Suppose 0 = r + l - 62. What is the units digit of r?
7
Suppose t + 3*x + 360 = 0, -x = -t - 77 - 299. Let f be 4/14 + t/(-21). Suppose 0*m - 5*m + 25 = 3*b, -m + f = -2*b. What is the units digit of m?
8
Suppose 0 = -2*o - 2*o. Suppose -2 = -m + 2, o = f - 3*m + 7. What is the units digit of f?
5
Suppose -2*r - 3 = 1. Let b be (-3 - (-6)/3)/1. What is the units digit of (b/r)/((-3)/(-54))?
9
Suppose -18 = -b - 2*b. Suppose 0 = -2*k + 3*j + 12, 0 = 5*k - j - 4. Suppose -v - b = -2*v - 2*l, 4*v - 3*l - 13 = k. What is the units digit of v?
4
Let q(l) = 74*l - 11. What is the units digit of q(1)?
3
Suppose 4*k + k - 223 = -3*o, 73 = o + 3*k. Suppose -38 = g + g + 3*r, -4*g - 3*r = o. Let l = 28 + g. What is the units digit of l?
9
Suppose 49 + 339 = 4*t. What is the units digit of t?
7
What is the units digit of 2/10*246 + (-6)/30?
9
Let r(d) be the first derivative of -d**2 + 7*d + 4. Let g(h) = -h**3 + 4*h**2 + 3*h + 5. Let j be g(5). What is the tens digit of r(j)?
1
Let w(b) = 36*b**3 - b + 2. What is the tens digit of w(1)?
3
Let y be (-2)/4*-26 + -2. Let g = 38 - y. What is the units digit of g?
7
Suppose 0 = 3*r + o - 172 + 63, -5*r = -o - 195. What is the tens digit of r?
3
Let o(v) = 10*v**3 - 25*v**2 + 8*v + 5. Let x(u) = 3*u**3 - 8*u**2 + 3*u + 2. Let s(m) = 2*o(m) - 7*x(m). Let j = -9 - -13. What is the units digit of s(j)?
8
Let q = -20 - -26. What is the units digit of q?
6
Let n = 165 + -97. What is the tens digit of n?
6
Suppose -6*o + 311 = 71. What is the units digit of o?
0
Let h(z) = 7*z - 1. Suppose 4 = b + 3. What is the units digit of h(b)?
6
Suppose -r + 0*r = 0. Let y = r - -2. What is the units digit of y?
2
Let t(o) = 2*o + 13. Let f be t(-4). Suppose -f*y - 22 = -97. What is the tens digit of y?
1
Let f(v) = 2*v - 5. Let t = -5 + 9. Let d be f(t). Suppose -6 = -5*s - 4*w + 9, 5*w = -s + d. What is the units digit of s?
3
Suppose u = 2*u + 13. What is the tens digit of -4 - -3 - (u - 1)?
1
Let v = -6 + 5. What is the units digit of 4 + (v - 1 - -1)?
3
Let w(j) = -5*j + 1 + 7*j**2 - j**3 + 3 - 2*j. Let u be w(6). What is the units digit of 1/(-1) - (u - 2)?
3
Let r(v) = 36*v - 1. What is the hundreds digit of r(5)?
1
Suppose -8*c + 16 = -6*c. Suppose y - 29 = -c. What is the units digit of y?
1
Let i be (-2 - -1) + (-132)/(-4). Suppose -5*c + 167 = i. What is the units digit of c?
7
Suppose -4*u - 40 - 24 = -3*h, 0 = -3*h + 5*u + 68. What is the tens digit of h?
1
Let r(g) = -7*g**3 - 3*g**2 + 4*g - 6. What is the hundreds digit of r(-3)?
1
Suppose -z + 3 = 3*p + 6, -4*z = p + 12. Let b be 3/(-2)*(-16)/(-12). What is the units digit of (-1 - z)*(-10)/b?
0
Let i = 89 - 60. What is the units digit of i?
9
Let l be (1 + (-3)/(-6))*4. Let a(d) = d**3 - 5*d**2 - 7*d + 11. What is the units digit of a(l)?
5
Suppose f + 2 = -2*y, -5*y - 2*f + 2 - 9 = 0. Let j(k) = -38*k + 7*k + 27*k. What is the units digit of j(y)?
2
Let u(l) = -7 + 7*l**3 - 11*l - 5*l**2 - 3*l**2 - 8*l**3. What is the units digit of u(-7)?
1
Let t be ((-21)/9 + 2)*0. Let g be (3 - 2)*(0 + t). Suppose g*d + 2*d = 6. What is the units digit of d?
3
Let h(k) = k**2 - 3*k + 4. What is the units digit of h(0)?
4
Suppose -23 = -2*b + 3*n, b - 8 = -3*n + 8. Suppose 64 = 3*t + b. What is the tens digit of t?
1
Let g(k) = -3*k. Suppose r + 3 = 2*r. Suppose -c = 2*c + h + 21, r*c - 3*h + 21 = 0. What is the tens digit of g(c)?
2
Let s(r) = -r**2 - 4*r + 7. What is the units digit of s(-5)?
2
Let w = 2 + 15. Suppose 0 = 4*p - 77 + w. What is the tens digit of p?
1
Let j(n) = -2*n**2 - 7*n. Let f(s) be the second derivative of 5*s**4/12 + 7*s**3/2 + 2*s. Let k(y) = 3*f(y) + 8*j(y). What is the units digit of k(6)?
6
Let f(h) = h**3 - h**2 + 26. Let z be (-3)/6 - 1/(-2). What is the units digit of f(z)?
6
Suppose 0 = -4*a + 6 + 14. Suppose 30 = a*v - 2*v. What is the tens digit of v?
1
Let f(l) = l**3 + 14*l**2 - 13*l - 7. What is the tens digit of f(-14)?
7
Suppose -3*q = 2*q - 230. Suppose q = 5*m - 14. What is the units digit of m?
2
Let a be ((-2)/(-5))/(1/5). What is the units digit of a/2 + 4/1?
5
Let w = -4 - -17. What is the units digit of w?
3
Let x(v) = v**3 + 9*v**2 + 10*v - 2. Let i = -10 - -3. Let m be x(i). Suppose 2*b + m = 4*n, -n - 4*b - 10 = b. What is the units digit of n?
5
Let o = 15 + -27. Suppose 20 = -2*g + 3*g - i, 0 = 2*g + 5*i - 47. Let c = g + o. What is the units digit of c?
9
Let o(v) = -16*v**3 + v**2 - 2*v + 2. What is the hundreds digit of o(-2)?
1
Suppose 0 = -2*j - 2*j. Suppose j 